 - -15 is divided by 10?
9
Let p(m) = 2*m**3 + m**2 + 6*m - 9. What is the remainder when p(2) is divided by 12?
11
Suppose 4*t - 3 = y - 58, -4*t + 86 = 2*y. Calculate the remainder when y is divided by 24.
23
Suppose -5*y + 829 = u + 252, 3*y - 355 = -5*u. What is the remainder when y is divided by (-410)/(-14) + (-10)/35?
28
Suppose 0 = -a + 62 - 31. Calculate the remainder when a is divided by 7.
3
Let y(p) = p**3 - 8*p**2 - p + 10. Calculate the remainder when y(8) is divided by 1.
0
Let y(b) = 8*b + 13. What is the remainder when 359 is divided by y(4)?
44
Let q = -19 - -21. Let m(l) = 10*l - 2. What is the remainder when 69 is divided by m(q)?
15
Let b(v) = -2*v**3 - 2*v**2 - 5*v - 5. Calculate the remainder when b(-3) is divided by 24.
22
Let v = 38 + -12. Let t = 719 + -617. Calculate the remainder when t is divided by v.
24
Suppose -5*w = 3*s - 82, 4*s - w - 56 = 3*w. What is the remainder when 74 is divided by s?
17
Suppose 2*a - 15 = -3*a. Let g = -10 + a. Let i = 0 - g. What is the remainder when i is divided by 2?
1
Suppose -6 + 21 = 3*w. Suppose 0 = -3*z + 11 + 46. Calculate the remainder when z is divided by w.
4
Let w = -41 + 79. What is the remainder when w is divided by 13?
12
Suppose -21 = 4*r + 7. Let a(g) = g**2 + 6*g + 16. What is the remainder when 43 is divided by a(r)?
20
Suppose 2*d = -11 - 7. What is the remainder when 54 is divided by ((-42)/(-9))/((-3)/d)?
12
Suppose 15 = 3*j - o, 0 = 2*j - 0*o - o - 10. Calculate the remainder when 12 is divided by j.
2
Let h = -8 - 10. Let g be (-4)/(-14) - 2124/(-63). Let d = g + h. What is the remainder when 29 is divided by d?
13
Let m(c) = c**3 - 4*c**2 + 5*c + 4. What is the remainder when m(4) is divided by 176/20 - (-2)/10?
6
Let h(o) = -3*o + 4. Suppose 29 = 4*s + 9. Let j(k) = -k**3 + 6*k**2 - 7*k + 3. Let v be j(s). Calculate the remainder when h(v) is divided by 13.
12
Suppose -3*t + 30 = w, 2*w + 2*t = 17 + 55. Calculate the remainder when 153 is divided by w.
36
Let z be (4/3)/((-6)/(-9)). Suppose z*s + s = 48. Calculate the remainder when s is divided by 9.
7
Suppose 5*s = s + 16. Let l = -9 + 15. Suppose -n + l = 3*w + 1, 20 = s*n + 3*w. What is the remainder when 14 is divided by n?
4
Let m be -1 - -1 - (0 + 1). Calculate the remainder when m*2/(8/(-156)) is divided by 21.
18
Let h(v) = v + 5. Let z be h(-5). Suppose z = q + 2*i - 3*i - 30, -4*i + 168 = 5*q. What is the remainder when q is divided by 12?
8
Suppose 0*n - n = -2. What is the remainder when 27 is divided by 2 + (1*24)/n?
13
Suppose -3*w + 5*g + 68 = 4*g, -5 = -5*g. Suppose 0 = -3*c - f + 56, -2*f = f + 3. Let h = 31 - c. What is the remainder when w is divided by h?
11
Let k be (1/(-3))/((-2)/18). Let n(x) = -2*x - 3*x**2 + x**3 + x**2 - 4*x**k. Calculate the remainder when 58 is divided by n(-2).
18
Let i = 4 + 2. Let u = 10 - i. What is the remainder when 14 is divided by u?
2
Let c(q) = -2*q + 35. Suppose 0 = -u + 3*j + 10, 14 = 4*u - 5*j - 19. Suppose -2*x + 11 = -u. Calculate the remainder when x is divided by c(15).
4
Suppose -2 = 2*t - 12. Let f(b) = -b + 4. What is the remainder when f(-4) is divided by t?
3
Suppose 15 = -4*q - 25. Let p = q - -14. Suppose -m + p*m = 33. Calculate the remainder when 31 is divided by m.
9
Suppose 2*m + 5*u = 7, 4*m - u + 3*u = 38. Calculate the remainder when 26 is divided by m.
4
Suppose 2*p - 70 = -3*i + 32, 2*i + 3*p = 73. Suppose -5*z + i = -z. Let q(c) = 15*c**2 - c - 1. What is the remainder when q(-1) is divided by z?
7
Let a = -29 + 15. Let w = a + 27. Let c = -20 + 44. What is the remainder when c is divided by w?
11
Suppose 1 = 3*u - 5. Suppose -u*x = -0*x - 26. Suppose -3*y + 9 = -105. What is the remainder when y is divided by x?
12
Let j = 2 - 2. Suppose -13 = -d + q - j, 34 = 3*d - 2*q. What is the remainder when (-163)/(-7) - (-10)/(-35) is divided by d?
7
Let k(s) be the second derivative of 3*s**5/20 - s**4/4 + s**3/2 + 2*s**2 + 4*s. Suppose 2*p - 92 = -2*p. What is the remainder when k(3) is divided by p?
21
What is the remainder when (-2 + (-15)/(-6))*80 is divided by (-110)/(-8) + 1/4?
12
Suppose -3*u + 6 = -5*y - 16, 0 = 4*u + 4*y - 8. Suppose -3*q + 18 = 4*r, 5*q + u*r = 2*r + 30. Calculate the remainder when 19 - (-1)/((-3)/6) is divided by q.
5
Suppose 4*c - 4 = -2*n + 8*c, n - 3*c - 1 = 0. What is the remainder when 54 is divided by -10*n/(-4) - -4?
12
Suppose 4*w = -13 - 3, 3*w + 40 = 2*f. Let s = 16 - 11. Calculate the remainder when f is divided by s.
4
Suppose -j + 3*d + 74 = 4*j, 4*d + 56 = 4*j. Calculate the remainder when 142 is divided by j.
14
Suppose -5*y + 131 = -34. What is the remainder when 64 is divided by y?
31
Let d(g) = g + 29. Calculate the remainder when d(-12) is divided by 12.
5
Let p(v) = v**3 + 4*v**2 + 5*v + 4. Calculate the remainder when p(-2) is divided by 1.
0
What is the remainder when 57 - (2 - -1 - 0) is divided by 15?
9
Suppose 60 = y - 2*h, -3*y - 140 = -5*y - h. Suppose -2*r + 24 = -22. What is the remainder when y is divided by r?
22
Suppose -4*b = 3*w - 332, 0 = 3*b + w - 3*w - 249. Calculate the remainder when b is divided by 29.
25
Let p = -3 + 29. What is the remainder when 75 is divided by p?
23
Let x = -193 + 133. Suppose 2*a = -12 + 180. Let r = a + x. What is the remainder when r is divided by 13?
11
Suppose -i - 5 = -2, -3*j + 3*i = -147. What is the remainder when 228 is divided by j?
44
Let c = 25 - -4. Let t = -9 + 6. Let w = c - t. What is the remainder when w is divided by 17?
15
Let r(l) be the second derivative of -l**5/20 + 3*l**4/4 - 4*l**3/3 - 4*l**2 - l. Let f be r(8). Calculate the remainder when (-4)/(f/110) + 1 is divided by 19.
18
Suppose 4*f - 2*h - 276 = -0*f, 3*h - 76 = -f. What is the remainder when f is divided by 24?
22
Let r(l) = l**2 + 31*l - 17. Calculate the remainder when r(-32) is divided by 4.
3
Let s(w) = -w**3 + 6*w**2 + 7*w + 4. Let a be s(7). Suppose -a - 1 = -z. Calculate the remainder when z is divided by 4.
1
Let b be (-1 - -5) + (4 - 4). Suppose -b*s + 23 = 3*h + 8, 8 = 4*s - 4*h. What is the remainder when (-4)/18*-1 - 301/(-63) is divided by s?
2
Suppose -42 = -r - 0*r - 4*t, -63 = -4*r + 5*t. Suppose w = 2 + 4. Calculate the remainder when r is divided by w.
4
Let y(c) = c - 1. Let r(p) = -3*p + 11. Let q(b) = r(b) + 4*y(b). Let i(v) = -v**2 + 7*v + 5. What is the remainder when i(6) is divided by q(-3)?
3
What is the remainder when 125 is divided by (-75)/(-4) + (-5)/20*3?
17
Suppose -4*h + 4*a = 2*a - 46, 5*a - 53 = -2*h. Calculate the remainder when 27 is divided by h.
13
Let n(t) = t**3 - t**2 + t - 2. Suppose 0*z - 3*z = -9. Let i(x) = x**2 - 6*x + 30. Calculate the remainder when i(7) is divided by n(z).
18
Suppose 5*f + 12 = -73. Let s = 4 - f. Calculate the remainder when s is divided by 8.
5
Calculate the remainder when 29 is divided by (-26)/(-3) - 8/12.
5
Suppose 180 = 5*d + 5*b, d - 6*b = -4*b + 24. Calculate the remainder when d is divided by 13.
6
Calculate the remainder when ((-1)/6*-27)/(2/4) is divided by 4.
1
Suppose 4*k = 0, -5*j + 270 = 2*k - 0*k. Calculate the remainder when j is divided by 14.
12
Calculate the remainder when 166 is divided by (-10)/(-50) - 192/(-15).
10
Let s(g) = -3*g + 0*g**3 + 0*g + g**3 + 6*g**2 + 7. Let i be s(-6). What is the remainder when (i - -4) + -1*1 is divided by 10?
8
Let b(k) = -6*k - 1. Let z be b(-1). Suppose 0*f + z*f - 14 = -4*n, 3*n = 4*f - 5. What is the remainder when ((-4)/(-3))/(2/3) is divided by n?
0
Let q be (-32)/(-6)*(-4 + 7). Let x = -7 + q. Calculate the remainder when 34 is divided by x.
7
Let d(v) = -v**3 + 13*v**2 - v + 24. Calculate the remainder when 14 is divided by d(13).
3
Suppose -2*h = 5*w - 3, -3*w = -5*h + w + 24. Let q(y) = -5*y + 2*y - 5*y**2 + 5 + 3*y**3 - y**3. Calculate the remainder when q(h) is divided by 14.
13
Let z(q) = 2*q**2 + 7*q + 4. Let n be z(-5). Let r = n - 11. What is the remainder when 14 is divided by r?
6
Let u(r) be the second derivative of r**4/4 + 2*r**3/3 + 3*r**2/2 - 3*r. Calculate the remainder when u(-3) is divided by 10.
8
Let d = 722 - 715. Let j(w) = 2*w**2 + 2*w - 4. Calculate the remainder when j(-4) is divided by d.
6
Let a be ((-6)/(-4) + -1)*-24. Suppose -5*v = -w + 15, w = 4*v + 5*w + 36. Let c = v - a. Calculate the remainder wh